d derivative of -x*z**3 + 0*z + 0 + 1/12*z**4 + 2*z**2. Determine p(3).
5
Suppose -g - 4 = -8. Let c(d) = -2*d - 1. Give c(g).
-9
Let t(a) = a - 11. Let h be (-2)/(-3)*(23 + 1). Let z = h + -10. Give t(z).
-5
Let n be 0/(0 - (0 - 2)). Suppose n = 5*m + 18 + 7. Let c(f) be the second derivative of -f**4/12 - 5*f**3/6 + 7*f**2/2 - f. Give c(m).
7
Let k be 1 + (1 - 1 - -9). Let d be 12/k*5/2. Let q(t) = 3*t**2 + t - 7*t**2 + t**d - 3*t + 0*t**2. What is q(4)?
-8
Let r(t) be the first derivative of -1/2*t**2 + t**3 - 4 + 1/4*t**4 - 2*t. What is r(-2)?
4
Let t be 1 + 6/((-12)/(-10)). Let y(p) = 1 + 5*p**2 + 2*p**3 + p**2 - 3*p**3. Calculate y(t).
1
Let f(x) = 2*x + 1. Let v(g) = g**3 + 6*g**2 - 8*g - 2. Let i be v(-7). Suppose 3*j - 5*u + 35 = -2*j, -4*u = i*j + 8. Calculate f(j).
-7
Suppose -3*y = -8*y + 15. Let z(t) = -t**3 + t**2 - t + 2. Give z(y).
-19
Let g(d) be the first derivative of -d**4/4 + d**3/3 + d**2/2 - 2*d - 4. Let z = -6 - -8. Calculate g(z).
-4
Let d(q) = 12*q**2 - 16*q**2 + 13*q**2 - q**3 + 9*q + 14. Determine d(10).
4
Let w = 29 + -32. Let u(h) = 1 - 3*h + 2*h - h**2 + 2. What is u(w)?
-3
Let k(i) = i**3 - 7*i**2 + 10*i - 1. Let s be k(5). Let y(c) = 15*c. Let h(q) = -90*q. Let r(z) = 6*h(z) + 35*y(z). What is r(s)?
15
Let h(p) = p**2 - 2. Suppose 0 = f - 0*f + 3. Give h(f).
7
Let a(o) = -o**2 + 6*o - 3. Let y be a(6). Suppose -2*p - p + 18 = 0. Let j = p + y. Let c(x) = -x + 3. Determine c(j).
0
Let t = 146 + -151. Let c(a) = -a - 5. Calculate c(t).
0
Let h(c) = -c - 1. Let d(w) = -w**2 + 7*w + 1. Let j(v) = d(v) + 3*h(v). Let u(f) = f + 28. Let s be u(-12). Let r be (s + 0)/(-4) - -9. What is j(r)?
-7
Let d be -2 + 1 + (140/(-24))/(-5). Let j(n) be the third derivative of 1/120*n**6 + d*n**4 + 1/15*n**5 + 0*n + 1/6*n**3 + 0 - 4*n**2. Determine j(-3).
-2
Suppose -25 - 47 = -12*o. Let k(s) = -s**3 + 7*s**2 - 6*s + 6. Determine k(o).
6
Let p(j) = -j**2 + 1 + 0*j + 3*j - 3 - 2*j. Give p(3).
-8
Let i(n) = -n**3 - 3*n**2 + 3*n - 4. Let s(c) = c**3 + 5*c**2 + 5*c. Let a be s(-4). Calculate i(a).
0
Suppose -4*d = -0 - 28. Let a(t) = t**3 - 7*t**2 - t + 6. Calculate a(d).
-1
Suppose 3*y = -2*y. Suppose y*k + 6 = 2*k. Let t(u) = -3*u**2 + 6 - u**3 - u**2 + 0*u**2 + k*u. Determine t(-4).
-6
Let l be 8 + -16 - (-2)/2. Let w(y) = -y - 2. Calculate w(l).
5
Let y(g) = -4*g**2 + 2*g + 2. Let c(f) be the second derivative of f**4/4 - f**3/6 - f**2/2 - f. Let k(i) = -3*c(i) - 2*y(i). Determine k(-3).
-7
Let u(f) = -5*f**2 - 2*f + 10. Let a(i) = i**2 - i - 1. Let h(j) = -4*a(j) - u(j). Determine h(-5).
-11
Suppose 5*s = -4 - 6. Let o(u) = 2*u**2 + 0 - 3*u - u**2 + 9*u + 3. Determine o(s).
-5
Let h(j) = 4 + 17*j**2 - 16*j**2 - 3. Let f(u) = -2*u**2 + 3*u - 8. Let l(b) = -f(b) - 4*h(b). Let r be 11/(-3) + 6/9. Calculate l(r).
-5
Let x(q) = 9 + q - 8 - 7*q. What is x(-1)?
7
Let y(i) = -i + 1 + 1 + 2*i**2 - i**2 + 5*i. Let n be y(-4). Let r(k) = -2*k**3 + k**2 + 3*k - 2. Give r(n).
-8
Let x(t) = 1 + 7*t**2 + 2*t - 1 - 4*t**2. Let w(v) = 7*v - v**2 - 6 - v - v. Let c be w(4). Give x(c).
8
Let r(f) = -f. Let j be -1 - (-1 + -5)*(-1 - 0). Determine r(j).
7
Let x(w) = -3*w**3 - 5*w**2 - 3*w - 3. Let d(u) = 4*u**3 + 5*u**2 + 2*u + 3. Let q(t) = -2*d(t) - 3*x(t). Calculate q(-5).
-22
Let m(b) = 2*b - 4. Let n be m(6). Let u = -4 + n. Let l(y) = -y + 2. What is l(u)?
-2
Let i be 0 - 2 - -2*2. Let m(u) = 12*u - 3. Let h(g) = 5*g - 9 + 8 + g - 2*g. Let j(v) = -8*h(v) + 3*m(v). Determine j(i).
7
Let k(l) be the third derivative of -l**4/12 - 13*l**2. Calculate k(-3).
6
Let h(p) be the second derivative of -1/6*p**3 - p - 11/2*p**2 + 0. Give h(-6).
-5
Let y(w) = -w**2 + 8*w - 5. Let k be y(5). Suppose 4*l - k = 2*l. Let o(r) = -2*r**2 + 3*r - l*r - 2*r. What is o(-3)?
-6
Let r be 3/(-1*3)*2. Let z(m) = m**2. Let t(p) = -10*p**2 + 1. Let y(c) = -2*t(c) - 18*z(c). What is y(r)?
6
Let g(d) = 2*d**3 + 2*d**2 - d + 2. Let m be (2/(-5))/((-9)/(-45)). Determine g(m).
-4
Let o(l) = l**3 + 4*l**2 + 4*l. Let j(b) = 2*b**3 + 7*b**2 + 7*b - 1. Let x(z) = 4*j(z) - 7*o(z). Calculate x(0).
-4
Suppose 0*a - 5*a + 15 = 0. Suppose o - 21 = -5*j, -5*j + 26 = -a*o - 11. Let g(r) = -r + 4*r - 2*r + j. Calculate g(-5).
0
Let u(h) = 1. Let t(i) = 2*i + 7. Let s(a) = -4 + 0 - 7 + 3 - a. Let d be s(-9). Let z(r) = d*t(r) - 4*u(r). Determine z(-3).
-3
Let j(o) = -4 + 3 - 2*o**2 + o + 5. Let y be (3/6)/(4/24). Give j(y).
-11
Let r(j) be the second derivative of -j**3/6 - j**2/2 + 3*j. Determine r(-6).
5
Let i be (-2)/8 + (-3)/(-12). Let q(j) be the first derivative of -j**2/2 - 19. Determine q(i).
0
Let h(r) be the second derivative of r**3/2 - 3*r**2 + 4*r. Let g(s) = 7*s - 12. Let a(u) = -2*g(u) + 5*h(u). What is a(4)?
-2
Let i(t) be the second derivative of t**4/6 + 5*t**3/6 + t**2 - 6*t. Let z = 3 + -6. Determine i(z).
5
Let u(x) = -123*x + 127*x - 3*x**2 - 1 + 2*x**2. Determine u(6).
-13
Let v be (-2)/(-2) - (-2 - -1). Let d(i) = 4*i**3 + 3*i**2 + i + 1. Let h(y) = 7*y**3 + 7*y**2 + 2*y + 2. Let k(m) = v*h(m) - 5*d(m). Calculate k(-1).
5
Let u be (0 - (-6)/(-9))*(3 + -6). Let v(s) = s**3 + s**2 - 2*s. What is v(u)?
8
Suppose 0 = 3*z - 4*q + 8, 13 = -3*z + q - 7. Let u be (-23)/(-4) - 2/z. Let f(m) = -m**2 + m**2 - u*m**2 - m. Calculate f(-1).
-5
Let w = 41 - 26. Suppose 0 = 2*m - 5*x + w, x - 15 = 2*m - 4*m. Let l(k) = -k - 1. Let s(h) = h**2 - 11*h - 4. Let u(t) = -6*l(t) + s(t). Calculate u(m).
2
Let f(h) = -2*h + 1. Let a be f(-2). Suppose -a*s = -10 + 25. Let p(t) = -t**3 - 4*t**2 + 3. What is p(s)?
-6
Let k(f) = 3*f - 6. Let w(t) = 4*t - 5. Let u(b) = 3*k(b) - 2*w(b). What is u(8)?
0
Let u(p) be the second derivative of -p**5/20 + 7*p**4/12 - 7*p**3/6 - p**2 + p. Determine u(6).
-8
Let b(x) = x**2 + 2 - 3 + 2 + 0*x**2 + x**3. Let g = -2 - -4. Suppose 6*s - g*s = 0. Calculate b(s).
1
Let i be 0 + -3*(-8)/12. Let n(s) be the second derivative of 2*s - 1/12*s**4 + 0 + 1/2*s**2 - 1/3*s**3. Determine n(i).
-7
Let r be ((-16)/6)/((-1)/3). Let h(f) = f**2 - 9*f + 4. What is h(r)?
-4
Let f = -3 - -4. Let w(n) = 5*n + 10*n - f - 3 - 12*n. What is w(5)?
11
Let c(m) be the third derivative of m**5/60 - 5*m**2. Give c(1).
1
Let x(z) = -z**3 + 8*z**2 - 7*z - 4. Let k be x(7). Let t = k + 1. Let n = t + 8. Let o(d) = -2*d + 7. Determine o(n).
-3
Let c(l) be the third derivative of l**5/60 + l**4/6 - 5*l**3/6 - 3*l**2. Calculate c(-6).
7
Let x(r) = 7*r - 1. Suppose -s + 3 + 0 = 0. Let a(f) = -2*f - 5. Let c(v) = 5*v + 11. Let q(h) = 7*a(h) + 3*c(h). Let t be q(s). Determine x(t).
6
Let o be 26*(3 + (-5)/2). Let w = o - 16. Let s(p) = 2*p + 2. What is s(w)?
-4
Suppose 8*v = 4*v - 2*h - 12, 5*h = v - 8. Let m = -2 - v. Let f(r) = r + 7*r + m*r + 2*r**2 - 3*r + 2. Give f(-3).
5
Suppose 2*p - p = 3. Suppose 4*w - 5*c = -12, -4*w + 4*c = 9 - 1. Let y(k) = 0*k**2 - k + k**2 + 0*k**2 - w - k**3 + 2*k**2. Calculate y(p).
-5
Let o(c) be the third derivative of -c**4/24 - 5*c**3/6 + 27*c**2. Give o(6).
-11
Let g(d) be the third derivative of -d**5/60 - d**4/4 - d**3/2 - d**2. Let h be (-4)/26 - (-2)/13 - 2. Calculate g(h).
5
Let d(g) = g**3 - g**2 + 2*g - 1. Let a be d(1). Let w(p) be the third derivative of -5*p**2 + 0 + 0*p - 1/6*p**3 - 1/24*p**4. What is w(a)?
-2
Let c(j) be the third derivative of j**9/60480 - j**7/5040 - j**5/20 + 2*j**2. Let n(b) be the third derivative of c(b). Give n(2).
6
Suppose 3*c = c + 2. Let m(b) be the third derivative of 0*b + 0 + 0*b**5 + 0*b**4 - 3/40*b**6 - 1/6*b**3 + 4*b**2. What is m(c)?
-10
Let f be (-4)/12 - 25/(-3). Let q be ((-10)/f)/((-4)/16). Let u(d) = 6*d + 7*d**2 + 8*d**2 + 3 - 16*d**2. What is u(q)?
8
Let r be 16/152 - ((-156)/(-19))/2. Let o(d) = d**2 + 5*d + 6. Determine o(r).
2
Let d(c) = 2*c**3 + 6*c**2 - 4*c - 10. Let p(g) = g**3 + 6*g**2 - 3*g - 9. Let k(v) = 2*d(v) - 3*p(v). Calculate k(6).
13
Let h(f) be the second derivative of 0*f**3 + 1/4*f**4 - 2*f**2 - 2*f + 0 - 1/20*f**5. Let n be 2 + 3/((-3)/(-1)). What is h(n)?
-4
Suppose -3*t + 1 + 14 = 0. Let x(y) = 8*y - 6*y - 118 + 116. Give x(t).
8
Suppose 8 = 3*m - 10. Let w(o) be the second derivative of -o**3/6 + 5*o**2/2 + o. Give w(m).
-1
Let p(x) = 3*x**2 - 3*x + 1. Let b be p(2). Let a = 3 - b. Let d(q) = -q**2 - 6*q + 1. Determine d(a).
9
Let s be (-9 + 5)/((-2)/1). Let g(f) = -3*f**2 +